git of 21531733?
1
What is the thousands digit of 600505?
0
What is the hundred thousands digit of 169738?
1
What is the hundreds digit of 1586279?
2
What is the tens digit of 4477418?
1
What is the thousands digit of 18783437?
3
What is the units digit of 117623?
3
What is the ten thousands digit of 169300?
6
What is the hundreds digit of 7686545?
5
What is the tens digit of 484698?
9
What is the hundreds digit of 16296741?
7
What is the tens digit of 96676?
7
What is the thousands digit of 2095216?
5
What is the units digit of 806349?
9
What is the millions digit of 1564563?
1
What is the millions digit of 1318000?
1
What is the hundreds digit of 47083?
0
What is the units digit of 509043?
3
What is the hundred thousands digit of 1094283?
0
What is the hundreds digit of 4285979?
9
What is the thousands digit of 660975?
0
What is the hundreds digit of 2891933?
9
What is the tens digit of 380100?
0
What is the hundred thousands digit of 314471?
3
What is the millions digit of 5283559?
5
What is the thousands digit of 1731361?
1
What is the hundreds digit of 5509169?
1
What is the hundred thousands digit of 289785?
2
What is the hundred thousands digit of 3895723?
8
What is the tens digit of 527064?
6
What is the hundreds digit of 135400?
4
What is the hundreds digit of 13536267?
2
What is the thousands digit of 496239?
6
What is the ten thousands digit of 845376?
4
What is the units digit of 412169?
9
What is the tens digit of 4006830?
3
What is the tens digit of 7232693?
9
What is the hundred thousands digit of 17296891?
2
What is the hundreds digit of 7507953?
9
What is the ten thousands digit of 4247953?
4
What is the thousands digit of 1083529?
3
What is the tens digit of 8100732?
3
What is the thousands digit of 3552718?
2
What is the hundred thousands digit of 140821?
1
What is the hundred thousands digit of 303891?
3
What is the hundreds digit of 3886576?
5
What is the tens digit of 1013632?
3
What is the hundred thousands digit of 2811217?
8
What is the ten thousands digit of 3119633?
1
What is the tens digit of 895589?
8
What is the millions digit of 1442417?
1
What is the tens digit of 353911?
1
What is the thousands digit of 43512?
3
What is the units digit of 4881056?
6
What is the thousands digit of 11993044?
3
What is the hundreds digit of 499096?
0
What is the hundred thousands digit of 119358?
1
What is the ten thousands digit of 1022093?
2
What is the thousands digit of 1380424?
0
What is the hundred thousands digit of 1059707?
0
What is the hundreds digit of 429597?
5
What is the ten thousands digit of 1945592?
4
What is the thousands digit of 244751?
4
What is the hundreds digit of 2839946?
9
What is the hundred thousands digit of 141613?
1
What is the hundreds digit of 800583?
5
What is the tens digit of 594718?
1
What is the thousands digit of 973646?
3
What is the hundred thousands digit of 449115?
4
What is the thousands digit of 10295033?
5
What is the units digit of 482496?
6
What is the millions digit of 4775594?
4
What is the millions digit of 2606481?
2
What is the ten millions digit of 21691941?
2
What is the tens digit of 381696?
9
What is the units digit of 1854868?
8
What is the units digit of 98483?
3
What is the thousands digit of 25182842?
2
What is the tens digit of 3822119?
1
What is the tens digit of 20441503?
0
What is the thousands digit of 11712153?
2
What is the hundreds digit of 2376566?
5
What is the hundred thousands digit of 8481826?
4
What is the tens digit of 8119108?
0
What is the hundreds digit of 1306781?
7
What is the hundreds digit of 400608?
6
What is the hundred thousands digit of 750889?
7
What is the hundred thousands digit of 191876?
1
What is the units digit of 16694505?
5
What is the hundreds digit of 1521286?
2
What is the units digit of 2953272?
2
What is the tens digit of 821130?
3
What is the hundreds digit of 200966?
9
What is the hundred thousands digit of 350662?
3
What is the units digit of 2079134?
4
What is the units digit of 100405?
5
What is the hundreds digit of 126167?
1
What is the hundred thousands digit of 270927?
2
What is the hundreds digit of 194466?
4
What is the hundreds digit of 465099?
0
What is the hundred thousands digit of 900037?
9
What is the ten thousands digit of 3623142?
2
What is the hundred thousands digit of 949871?
9
What is the hundreds digit of 55577?
5
What is the tens digit of 13958512?
1
What is the units digit of 5697704?
4
What is the thousands digit of 3850133?
0
What is the thousands digit of 18594365?
4
What is the millions digit of 8861080?
8
What is the units digit of 626943?
3
What is the ten millions digit of 21832975?
2
What is the tens digit of 723236?
3
What is the units digit of 2972212?
2
What is the units digit of 15284750?
0
What is the tens digit of 256482?
8
What is the hundreds digit of 1677080?
0
What is the ten thousands digit of 3278992?
7
What is the ten thousands digit of 1971837?
7
What is the units digit of 3207373?
3
What is the ten thousands digit of 530276?
3
What is the ten thousands digit of 1926628?
2
What is the tens digit of 34028?
2
What is the millions digit of 20295835?
0
What is the tens digit of 14098069?
6
What is the hundred thousands digit of 977976?
9
What is the ten thousands digit of 2472031?
7
What is the ten thousands digit of 7755136?
5
What is the units digit of 16258?
8
What is the units digit of 6675834?
4
What is the hundred thousands digit of 215433?
2
What is the thousands digit of 230407?
0
What is the tens digit of 485094?
9
What is the units digit of 1858998?
8
What is the tens digit of 201632?
3
What is the hundreds digit of 1762834?
8
What is the units digit of 757095?
5
What is the hundreds digit of 224120?
1
What is the ten thousands digit of 34542224?
4
What is the thousands digit of 8522328?
2
What is the hundred thousands digit of 407441?
4
What is the ten thousands digit of 422119?
2
What is the hundred thousands digit of 411714?
4
What is the thousands digit of 40037?
0
What is the hundred thousands digit of 464176?
4
What is the tens digit of 405125?
2
What is the hundreds digit of 12720493?
4
What is the hundreds digit of 37175?
1
What is the tens digit of 32795808?
0
What is the units digit of 1665695?
5
What is the thousands digit of 3703899?
3
What is the tens digit of 1219670?
7
What is the hundreds digit of 199517?
5
What is the ten thousands digit of 23923015?
2
What is the ten thousands digit of 115019?
1
What is the ten thousands digit of 1262261?
6
What is the tens digit of 1244784?
8
What is the hundreds digit of 129033?
0
What is the hundred thousands digit of 143498?
1
What is the hundred thousands digit of 1665511?
6
What is the units digit of 7904601?
1
What is the thousands digit of 23988388?
8
What is the ten thousands digit of 6390236?
9
What is the tens digit of 122157?
5
What is the hundred thousands digit of 436413?
4
What is the tens digit of 2942719?
1
What is the hundreds digit of 296476?
4
What is the thousands digit of 445505?
5
What is the tens digit of 123514?
1
What is the hundreds digit of 319367?
3
What is the units digit of 8720261?
1
What is the ten thousands digit of 233868?
3
What is the tens digit of 361554?
5
What is the hundred thousands digit of 14113075?
1
What is the units digit of 649836?
6
What is the thousands digit of 1570977?
0
What is the tens digit of 2694977?
7
What is the ten thousands digit of 814444?
1
What is the hundreds digit of 1015878?
8
What is the units digit of 83922?
2
What is the ten thousands digit of 5980586?
8
What is the thousands digit of 193118?
3
What is the millions digit of 9002421?
9
What is the hundreds digit of 355863?
8
What is the units digit of 1489708?
8
What is the thousands digit of 956325?
6
What is the ten thousands digit of 11086959?
8
What is the tens digit of 4613315?
1
What is the units digit of 371461?
1
What is the hundred thousands digit of 775821?
7
What is the units digit of 680774?
4
What is the ten thousands digit of 8930048?
3
What is the tens digit of 1171341?
4
What is the hundred thousands digit of 1605419?
6
What is the hundreds digit of 29260785?
7
What is the tens digit of 219411?
1
What is the thousands digit of 3498773?
8
What is the ten millions digit of 27913492?
2
What i